*x - 2*x + b = 0. List the prime factors of x.
31
Suppose 0 = 5*f - 25 - 15. Suppose 4*w = f*w - 56. What are the prime factors of w?
2, 7
Suppose -l = -0*l + 3*b - 12, 68 = 4*l + 2*b. Suppose -5*p - 27 = -2*f, -f = f + 4*p + l. Let k = 5 + f. List the prime factors of k.
2, 3
Let y be (-4 - (-4 - -7)) + 0. Let b(g) = g**3 + 6*g**2 - 10*g - 8. What are the prime factors of b(y)?
13
Let a(z) = z**3 - z**2 + 1. Let c(h) = -6*h**3 + 3*h**2 - 7. Let u(q) = -5*a(q) - c(q). Let i be (1/2)/((-1)/4). List the prime factors of u(i).
2
Let m = 4 - 6. Let f(d) = -4*d + 1. Let s be f(m). Suppose -t + s = 1. List the prime factors of t.
2
Let h(q) = -q**3 - 10*q**2 - 8*q - 10. What are the prime factors of h(-10)?
2, 5, 7
Suppose -10 + 0 = -3*z + 4*a, 2*z = -a + 14. Let k = z - -1. What are the prime factors of k?
7
Let x be 20/5*(-3)/6. What are the prime factors of (4 + x - 23)*-2?
2, 3, 7
Let s(l) = 2*l - 7. Let w be s(6). Suppose 4*o - 5*r = 26, 2*o = -r - w + 11. List the prime factors of (-3)/(18/o)*-3.
2
Let j = 366 + -204. Suppose 6*f = j + 180. List the prime factors of f.
3, 19
Suppose 4*q - 3*q = 3. Let w = 15 - q. List the prime factors of w.
2, 3
What are the prime factors of (-1388)/(-5) + -1*12/20?
277
Let x(s) = -s**3 + 8*s**2 - 6*s. Let c be x(5). Suppose -h - 9 = -2*h. Suppose 4*n = b - 40, -b + c = 4*n - h*n. List the prime factors of b.
2, 5
Suppose 2*d = 52 + 10. List the prime factors of d.
31
Let b = 16 - 14. Suppose -2*x = -x + 5*k + 6, 0 = 2*x - 4*k - 16. Suppose -4*a + 2*c = -46, 0*a = -b*a - x*c + 8. What are the prime factors of a?
2, 5
Let w = 82 - 54. What are the prime factors of w?
2, 7
Let b be 9/15 + (-13)/5. Let z = 19 - b. List the prime factors of z.
3, 7
Suppose 6*n + y = 3*n + 146, -y - 4 = 0. What are the prime factors of n?
2, 5
Let g(d) = 120*d - 15. What are the prime factors of g(1)?
3, 5, 7
Suppose 47 = -r + w + 128, 5*r - 409 = w. What are the prime factors of r?
2, 41
List the prime factors of (13/2 + -4)*28.
2, 5, 7
Suppose -8*k = -316 - 564. List the prime factors of k.
2, 5, 11
Let z = -7 + 18. Suppose 2*p = -8, 3*p + 3 = j - z. Suppose j*b = n + 12, 0 = 3*n + n + 8. List the prime factors of b.
5
Let d = 17 - -10. Let a be ((-1)/3)/((-3)/d). Suppose a*m - 20 = -m. List the prime factors of m.
5
Let p(i) = i + 6. Suppose 0 = q + 2*q. Suppose q*t = 2*t. What are the prime factors of p(t)?
2, 3
Let q be (2 - 34)*3/6. Let l = q + 23. What are the prime factors of l?
7
Suppose -h - 1 = -9. What are the prime factors of h + (-1 - (-1 - -2))?
2, 3
Let k be 25*(56/(-10))/(-2). List the prime factors of (-144)/(-14) - 20/k.
2, 5
Let j(p) be the first derivative of p**3/3 - 5*p**2/2 - 9*p + 2. Suppose r + 0*r = 7. List the prime factors of j(r).
5
Suppose -5*q + 771 = -x, 0 = -4*q + x - 5*x + 612. List the prime factors of q.
2, 7, 11
Let g(w) = w**2 - 9*w + 4. Let n be g(9). Suppose -2*s + 18 = o, -2 = -o + n*s - 2*s. List the prime factors of o.
2, 5
Suppose 0 = -4*x + 4, 4*x + x + 76 = d. List the prime factors of d.
3
Suppose 2*j - 8 = -0*j. List the prime factors of j.
2
Let j be 2 - 21 - (4 + -2). Let i = -5 - j. List the prime factors of i.
2
Let b = 15 - 4. Suppose 2*l + 3 = 7, -3*o - 19 = -2*l. Let c = b + o. What are the prime factors of c?
2, 3
Suppose 8 = g - 17. What are the prime factors of 365/g + (-2)/(-5)?
3, 5
Let r = -33 - -93. Suppose r = z + 4*z. List the prime factors of z/18 + 56/6.
2, 5
Let h = 281 + -186. List the prime factors of h.
5, 19
Suppose -177 = -5*w - 4*g + 3*g, -4*g = -5*w + 192. Let h = w + -23. What are the prime factors of h?
13
Suppose 4*l + 256 = 4*u, -2*l - 42 = -3*u + 152. List the prime factors of u.
2, 3, 11
Let d(j) = 3*j**2 + 2*j + 1. Let z(t) = -8*t + 0 + t**2 + 2 - 3 + 2*t. Let a be z(6). List the prime factors of d(a).
2
Suppose -5*f + 3*f = -2. What are the prime factors of f + (-3 - -11 - 2)?
7
Let j = 3 + -1. Suppose 2*h = 3*h + j. List the prime factors of 126/12 - 1/h.
11
Let n(r) = -2 - 2 - 13*r**2 - 2 - r**3 + 3*r**2. Let v be n(-10). List the prime factors of 4/3*(-45)/v.
2, 5
Let m(q) = 329*q**3 + 2*q**2. What are the prime factors of m(1)?
331
Let t(i) = 3*i + 6. What are the prime factors of t(12)?
2, 3, 7
List the prime factors of ((-1208)/12)/(-2) - 3/9.
2, 5
Let z(o) = 2*o - 7. Let w(g) = -g**2 + 7*g - 4. Let a be w(5). Let i be z(a). Suppose d + 3 = -4*v - 6, d + 12 = -i*v. What are the prime factors of d?
3
Let x(i) = -2*i + 2. Let z be x(4). Let v(q) = -8*q - 10. What are the prime factors of v(z)?
2, 19
Let v be (-24)/(-10) - 4/10. Suppose -v*r + 26 = -o - 5, -5*r + 5*o + 70 = 0. What are the prime factors of r?
17
Suppose -2*r + 5*t = -203, 3*t + t - 339 = -3*r. List the prime factors of r.
109
Suppose -j + y = -5, 2*j - 5*y + y - 20 = 0. Let w(z) be the first derivative of z**3/3 - z**2/2 + 5*z - 1. What are the prime factors of w(j)?
5
Suppose -4*m - 10 = 54. Let y(d) = -d**2 + 2*d + 1. Let p be y(7). Let f = m - p. List the prime factors of f.
2, 3
Let r(y) = -y + 13. Let w be 228/20 + (-3)/(-5). Let v be r(w). What are the prime factors of 9 + v - 3/(-1)?
13
Suppose 6*r - 4*r - 12 = 0. Let w(s) = -4 + 4*s**2 + 7*s - 5*s**2 + 1. List the prime factors of w(r).
3
Let f be 13/4 - 1/4. Let p = f + 4. List the prime factors of p.
7
Let t = 2 - 5. Suppose 5*y + 120 = 9*y. What are the prime factors of 1/(t/(-1))*y?
2, 5
Let l(i) = -4*i. Let f be (-1)/6 - (-105)/(-18). What are the prime factors of l(f)?
2, 3
Suppose -78 = -34*o + 33*o. List the prime factors of o.
2, 3, 13
Let z be (-1 - 1)/((-2)/(-3)). Let v be (z + 13)*(1 + 1). Suppose 0 = -5*u - v + 60. List the prime factors of u.
2
Let q(i) = 2*i**2 - 2*i + 8. Let k be q(-4). What are the prime factors of k/(-18)*(-30)/8?
2, 5
Suppose 2*u = 14 - 0. Let m(n) = 5*n - 7. List the prime factors of m(u).
2, 7
Suppose 27 + 13 = m. Let k = m + -12. List the prime factors of k.
2, 7
Suppose 0 = l + 2*z - 0*z + 31, 0 = -3*l + z - 72. Let y = 44 + l. List the prime factors of y.
19
Suppose 10 = 4*i + i. Suppose -6 = -i*g - 4. Suppose -f + 0*f + 14 = z, 4*z - g = f. What are the prime factors of f?
11
Let t be ((-12)/(-15))/(1/5). Suppose 1 = -t*w + 9. What are the prime factors of w?
2
Suppose 133 = 4*k - 11. What are the prime factors of k?
2, 3
List the prime factors of (-1)/1*-14 + -2.
2, 3
Let v(a) = -4*a**3 - 2*a**2 + 2. Let f be v(-2). Let l = f - 7. What are the prime factors of l?
19
Suppose -5*i - 5 = -0. Let j(u) = 5*u**2 - u - 1. Let m be j(i). Suppose -3*a + 2*z = -2*z - 27, 3*a = m*z + 27. What are the prime factors of a?
3
Suppose 6*g - 3*g = 75. List the prime factors of g.
5
Suppose 2*z + 57 = 2*x - 101, 316 = -4*z - 4*x. Let c = 115 + z. List the prime factors of c.
2, 3
Let p(w) = -w**3 + 2*w**2 - 3*w + 0*w**2 - w**2 - 5*w**2 - 2. List the prime factors of p(-4).
2, 5
Let h(u) = 8*u - 16. What are the prime factors of h(10)?
2
Suppose s - 5*s = -2*a + 138, a = -4*s - 153. Let g = -23 - s. List the prime factors of g.
2, 7
Let f = -1 + 5. Suppose 3*x - f*x = 7. What are the prime factors of (-72)/(-7) + 2/x?
2, 5
Let j = -13 - -7. Let g = j - -10. What are the prime factors of g?
2
Suppose 4*i - 53 = v, 0*v = -2*i + 2*v + 28. Suppose -i = -2*q + 5. What are the prime factors of q?
3
Let i = -44 + 88. Let p = -24 + i. List the prime factors of p.
2, 5
Suppose 3*u = c + 232, 2*u + 3*c - 168 = c. What are the prime factors of u?
79
Let b = -19 - -17. What are the prime factors of (-3 - (-3)/(-2))*b?
3
Suppose 0 = 3*h - 2*p + 34, p + 19 - 1 = -h. Suppose 0 = -0*v + 5*v + 20. Let a = v - h. List the prime factors of a.
2, 5
Let c(f) = f - 10. Let g be c(8). Let j be (7 - g) + 2 + -1. Let x = j + 3. What are the prime factors of x?
13
Suppose -10 = 2*n - 0*n, -2*o - 5*n - 15 = 0. Suppose 3*t + o*v - 60 = -22, 5*t = 2*v + 22. Let j = t - 4. List the prime factors of j.
2
Let h be (-50)/(-8) + (-1)/4. Suppose 2 = -5*o + 6*o. Suppose b + 2*b - i = 7, -b + o*i = h. List the prime factors of b.
2
Let s(i) be the second derivative of -i**4/12 - 3*i**3/2 + i**2 + 3*i. Let k be s(-9). Let m(f) = 2*f**3 - 4*f + 3. List the prime factors of m(k).
11
Let t(z) = 5*z + 14. Let g be t(-4). What are the prime factors of g/(-6)*34/2?
17
Let k = 47 + -35. List the prime factors of k.
2, 3
Let h(s) = s**3 -